{"id":118,"date":"2023-01-02T22:20:40","date_gmt":"2023-01-02T22:20:40","guid":{"rendered":"https:\/\/sigchicostarica.acm.org\/wordpress\/?page_id=118"},"modified":"2023-01-02T22:20:40","modified_gmt":"2023-01-02T22:20:40","slug":"talk-creating-delightful-ux-in-social-computing","status":"publish","type":"page","link":"https:\/\/sigchicostarica.acm.org\/wordpress\/index.php\/actividades\/talk-creating-delightful-ux-in-social-computing\/","title":{"rendered":"Talk: Creating Delightful UX in Social Computing"},"content":{"rendered":"\n<p>Se invita a la comunidad a participar los d\u00edas <strong>30 y 31 de enero<\/strong> en la charla Creating Delightful UX in Social Computing. La actividad se realizar\u00e1 en la<a href=\"https:\/\/www.so.ucr.ac.cr\/es\/carrera\/ingenieria-informatica-y-tecnologia\" data-type=\"URL\" data-id=\"https:\/\/www.so.ucr.ac.cr\/es\/carrera\/ingenieria-informatica-y-tecnologia\"> Sede de Occidente de la UCR<\/a>. <\/p>\n\n\n\n<p>La charla ser\u00e1 impartida por el Dr. Andr\u00e9s Lucero, profesor asociado en Universidad de Aalto, Finlandia. <\/p>\n\n\n\n<p><\/p>\n\n\n\n<p>Descripci\u00f3n de la charla: <em>Talk on how to create user experiences in the context of social computing, aimed at professors of engineering and computer science programs, to improve the way of developing software that helps communities with technological solutions to support their needs. Two talks will be held on two different days so that the largest number of professors can be available.<\/em><\/p>\n\n\n\n<hr class=\"wp-block-separator has-alpha-channel-opacity\"\/>\n\n\n\n<p>M\u00e1s informaci\u00f3n al correo <a href=\"mailto:acm.sigchi.costa.rica.local.chapter@gmail.com\">acm.sigchi.costa.rica.local.chapter@gmail.com<\/a><\/p>\n","protected":false},"excerpt":{"rendered":"<p>Se invita a la comunidad a participar los d\u00edas 30 y 31 de enero en la charla Creating Delightful UX in Social Computing. La actividad se realizar\u00e1 en la Sede de Occidente de la UCR. La charla ser\u00e1 impartida por el Dr. Andr\u00e9s Lucero, profesor asociado en Universidad de Aalto, Finlandia. Descripci\u00f3n de la charla: [&hellip;]<\/p>\n","protected":false},"author":1,"featured_media":0,"parent":74,"menu_order":0,"comment_status":"closed","ping_status":"closed","template":"","meta":{"footnotes":""},"class_list":["post-118","page","type-page","status-publish","hentry"],"_links":{"self":[{"href":"https:\/\/sigchicostarica.acm.org\/wordpress\/index.php\/wp-json\/wp\/v2\/pages\/118","targetHints":{"allow":["GET"]}}],"collection":[{"href":"https:\/\/sigchicostarica.acm.org\/wordpress\/index.php\/wp-json\/wp\/v2\/pages"}],"about":[{"href":"https:\/\/sigchicostarica.acm.org\/wordpress\/index.php\/wp-json\/wp\/v2\/types\/page"}],"author":[{"embeddable":true,"href":"https:\/\/sigchicostarica.acm.org\/wordpress\/index.php\/wp-json\/wp\/v2\/users\/1"}],"replies":[{"embeddable":true,"href":"https:\/\/sigchicostarica.acm.org\/wordpress\/index.php\/wp-json\/wp\/v2\/comments?post=118"}],"version-history":[{"count":1,"href":"https:\/\/sigchicostarica.acm.org\/wordpress\/index.php\/wp-json\/wp\/v2\/pages\/118\/revisions"}],"predecessor-version":[{"id":119,"href":"https:\/\/sigchicostarica.acm.org\/wordpress\/index.php\/wp-json\/wp\/v2\/pages\/118\/revisions\/119"}],"up":[{"embeddable":true,"href":"https:\/\/sigchicostarica.acm.org\/wordpress\/index.php\/wp-json\/wp\/v2\/pages\/74"}],"wp:attachment":[{"href":"https:\/\/sigchicostarica.acm.org\/wordpress\/index.php\/wp-json\/wp\/v2\/media?parent=118"}],"curies":[{"name":"wp","href":"https:\/\/api.w.org\/{rel}","templated":true}]}}

<p>Se invita a la comunidad a participar los días <strong>30 y 31 de enero</strong> en la charla Creating Delightful UX in Social Computing. La actividad se realizará en la<a href="https://www.so.ucr.ac.cr/es/carrera/ingenieria-informatica-y-tecnologia" data-type="URL" data-id="https://www.so.ucr.ac.cr/es/carrera/ingenieria-informatica-y-tecnologia"> Sede de Occidente de la UCR</a>. </p>



<p>La charla será impartida por el Dr. Andrés Lucero, profesor asociado en Universidad de Aalto, Finlandia. </p>



<p></p>



<p>Descripción de la charla: <em>Talk on how to create user experiences in the context of social computing, aimed at professors of engineering and computer science programs, to improve the way of developing software that helps communities with technological solutions to support their needs. Two talks will be held on two different days so that the largest number of professors can be available.</em></p>



<hr class="wp-block-separator has-alpha-channel-opacity"/>



<p>Más información al correo <a href="mailto:acm.sigchi.costa.rica.local.chapter@gmail.com">acm.sigchi.costa.rica.local.chapter@gmail.com</a></p>

<p>Se invita a la comunidad a participar los días 30 y 31 de enero en la charla Creating Delightful UX in Social Computing. La actividad se realizará en la Sede de Occidente de la UCR. La charla será impartida por el Dr. Andrés Lucero, profesor asociado en Universidad de Aalto, Finlandia. Descripción de la charla: [&hellip;]</p>
