{"id":52,"date":"2022-10-28T21:42:13","date_gmt":"2022-10-28T21:42:13","guid":{"rendered":"https:\/\/sigchicostarica.acm.org\/wordpress\/?page_id=52"},"modified":"2022-10-28T21:48:21","modified_gmt":"2022-10-28T21:48:21","slug":"boletin-informativo-1","status":"publish","type":"page","link":"https:\/\/sigchicostarica.acm.org\/wordpress\/index.php\/boletines\/boletin-informativo-1\/","title":{"rendered":"Bolet\u00edn informativo #1"},"content":{"rendered":"\n<p>Agosto, 2022. <\/p>\n\n\n\n<p>En la primera reuni\u00f3n del cap\u00edtulo, entre otras actividades, se realiz\u00f3 la escogencia del comit\u00e9. Los representantes escogidos por este primer a\u00f1o fuimos mi persona como presidenta, Luis Quesada Quir\u00f3s como vicepresidente y Edgar Rojas Mu\u00f1oz como tesorero. Nuevamente externarles nuestro compromiso con la consolidaci\u00f3n del cap\u00edtulo y gratitud por la confianza.<\/p>\n\n\n\n<p>La grabaci\u00f3n de la primera reuni\u00f3n puede ser encontrada en el siguiente enlace:&nbsp;<a href=\"https:\/\/tecnube1-my.sharepoint.com\/:f:\/g\/personal\/lcabrera_itcr_ac_cr\/EkZM9WO3UDNIgIXJl_LPxiQBg3_TB1Jdpo9jJHH8bAcgVw?e=NCT6Il\">&nbsp;Cap\u00edtulo SIGCHI Costa Rica<\/a>&nbsp;Adem\u00e1s, en el mismo enlace podr\u00e1 encontrar los estatutos (bylaws) por los cuales debemos regirnos como miembros del cap\u00edtulo, y la lista de miembros hasta la fecha. Para facilidad, en los pr\u00f3ximos d\u00edas se estar\u00e1 a\u00f1adiendo una minuta de la primera reuni\u00f3n.<\/p>\n\n\n\n<p>En este momento nos encontramos formalizando la inscripci\u00f3n del cap\u00edtulo con ACM SIGCHI, lo cual se pod\u00eda realizar hasta elegir a los representantes y tener membres\u00edas de ACM activas para los tres. Una vez esto se finiquite, esperamos tener acceso a varias herramientas proporcionadas por SIGCHI (i.e. espacio para sitio web y otras herramientas de administraci\u00f3n del cap\u00edtulo).<\/p>\n\n\n\n<p>Se le recuerda que la inscripci\u00f3n al cap\u00edtulo se mantendr\u00e1 siempre abierta, y de momento se puede realizar mediante el siguiente enlace<a href=\"https:\/\/forms.gle\/uSWQBKz8gTzZmdzi8\" target=\"_blank\" rel=\"noreferrer noopener\">https:\/\/forms.gle\/uSWQBKz8gTzZmdzi8<\/a>&nbsp;Si\u00e9ntase en la libertada de distribuirla a las personas que crea est\u00e9n interesadas en ser parte del cap\u00edtulo.<\/p>\n\n\n\n<p>Adem\u00e1s de la primera iniciativa (organizaci\u00f3n local de ICMI Costa Rica 2024) y otras actividades a organizarse por el cap\u00edtulo, los tres representantes nos mantendremos siempre atentos a potenciales actividades propuestas por sus miembros. Si\u00e9ntase en la confianza de comunicarse con alguno de nosotros para discutir cualquier actividad que sea de inter\u00e9s.<\/p>\n\n\n\n<p>Saludos cordiales,<\/p>\n\n\n\n<p>&#8212;<\/p>\n\n\n\n<p>Ing. Laura Cabrera-Quir\u00f3s, PhD<\/p>\n\n\n\n<p>Escuela de Ingenier\u00eda en Electr\u00f3nica<\/p>\n\n\n\n<p>Tecnol\u00f3gico de Costa Rica<\/p>\n","protected":false},"excerpt":{"rendered":"<p>Agosto, 2022. En la primera reuni\u00f3n del cap\u00edtulo, entre otras actividades, se realiz\u00f3 la escogencia del comit\u00e9. Los representantes escogidos por este primer a\u00f1o fuimos mi persona como presidenta, Luis Quesada Quir\u00f3s como vicepresidente y Edgar Rojas Mu\u00f1oz como tesorero. Nuevamente externarles nuestro compromiso con la consolidaci\u00f3n del cap\u00edtulo y gratitud por la confianza. La [&hellip;]<\/p>\n","protected":false},"author":1,"featured_media":0,"parent":21,"menu_order":0,"comment_status":"open","ping_status":"closed","template":"","meta":{"footnotes":""},"class_list":["post-52","page","type-page","status-publish","hentry"],"_links":{"self":[{"href":"https:\/\/sigchicostarica.acm.org\/wordpress\/index.php\/wp-json\/wp\/v2\/pages\/52","targetHints":{"allow":["GET"]}}],"collection":[{"href":"https:\/\/sigchicostarica.acm.org\/wordpress\/index.php\/wp-json\/wp\/v2\/pages"}],"about":[{"href":"https:\/\/sigchicostarica.acm.org\/wordpress\/index.php\/wp-json\/wp\/v2\/types\/page"}],"author":[{"embeddable":true,"href":"https:\/\/sigchicostarica.acm.org\/wordpress\/index.php\/wp-json\/wp\/v2\/users\/1"}],"replies":[{"embeddable":true,"href":"https:\/\/sigchicostarica.acm.org\/wordpress\/index.php\/wp-json\/wp\/v2\/comments?post=52"}],"version-history":[{"count":1,"href":"https:\/\/sigchicostarica.acm.org\/wordpress\/index.php\/wp-json\/wp\/v2\/pages\/52\/revisions"}],"predecessor-version":[{"id":53,"href":"https:\/\/sigchicostarica.acm.org\/wordpress\/index.php\/wp-json\/wp\/v2\/pages\/52\/revisions\/53"}],"up":[{"embeddable":true,"href":"https:\/\/sigchicostarica.acm.org\/wordpress\/index.php\/wp-json\/wp\/v2\/pages\/21"}],"wp:attachment":[{"href":"https:\/\/sigchicostarica.acm.org\/wordpress\/index.php\/wp-json\/wp\/v2\/media?parent=52"}],"curies":[{"name":"wp","href":"https:\/\/api.w.org\/{rel}","templated":true}]}}

Boletín informativo #1

<p>Agosto, 2022. </p>



<p>En la primera reunión del capítulo, entre otras actividades, se realizó la escogencia del comité. Los representantes escogidos por este primer año fuimos mi persona como presidenta, Luis Quesada Quirós como vicepresidente y Edgar Rojas Muñoz como tesorero. Nuevamente externarles nuestro compromiso con la consolidación del capítulo y gratitud por la confianza.</p>



<p>La grabación de la primera reunión puede ser encontrada en el siguiente enlace:&nbsp;<a href="https://tecnube1-my.sharepoint.com/:f:/g/personal/lcabrera_itcr_ac_cr/EkZM9WO3UDNIgIXJl_LPxiQBg3_TB1Jdpo9jJHH8bAcgVw?e=NCT6Il">&nbsp;Capítulo SIGCHI Costa Rica</a>&nbsp;Además, en el mismo enlace podrá encontrar los estatutos (bylaws) por los cuales debemos regirnos como miembros del capítulo, y la lista de miembros hasta la fecha. Para facilidad, en los próximos días se estará añadiendo una minuta de la primera reunión.</p>



<p>En este momento nos encontramos formalizando la inscripción del capítulo con ACM SIGCHI, lo cual se podía realizar hasta elegir a los representantes y tener membresías de ACM activas para los tres. Una vez esto se finiquite, esperamos tener acceso a varias herramientas proporcionadas por SIGCHI (i.e. espacio para sitio web y otras herramientas de administración del capítulo).</p>



<p>Se le recuerda que la inscripción al capítulo se mantendrá siempre abierta, y de momento se puede realizar mediante el siguiente enlace<a href="https://forms.gle/uSWQBKz8gTzZmdzi8" target="_blank" rel="noreferrer noopener">https://forms.gle/uSWQBKz8gTzZmdzi8</a>&nbsp;Siéntase en la libertada de distribuirla a las personas que crea estén interesadas en ser parte del capítulo.</p>



<p>Además de la primera iniciativa (organización local de ICMI Costa Rica 2024) y otras actividades a organizarse por el capítulo, los tres representantes nos mantendremos siempre atentos a potenciales actividades propuestas por sus miembros. Siéntase en la confianza de comunicarse con alguno de nosotros para discutir cualquier actividad que sea de interés.</p>



<p>Saludos cordiales,</p>



<p>&#8212;</p>



<p>Ing. Laura Cabrera-Quirós, PhD</p>



<p>Escuela de Ingeniería en Electrónica</p>



<p>Tecnológico de Costa Rica</p>

<p>Agosto, 2022. En la primera reunión del capítulo, entre otras actividades, se realizó la escogencia del comité. Los representantes escogidos por este primer año fuimos mi persona como presidenta, Luis Quesada Quirós como vicepresidente y Edgar Rojas Muñoz como tesorero. Nuevamente externarles nuestro compromiso con la consolidación del capítulo y gratitud por la confianza. La [&hellip;]</p>
