{"id":56,"date":"2022-10-28T21:45:12","date_gmt":"2022-10-28T21:45:12","guid":{"rendered":"https:\/\/sigchicostarica.acm.org\/wordpress\/?page_id=56"},"modified":"2022-10-28T21:50:41","modified_gmt":"2022-10-28T21:50:41","slug":"boletin-informativo-2","status":"publish","type":"page","link":"https:\/\/sigchicostarica.acm.org\/wordpress\/index.php\/boletines\/boletin-informativo-2\/","title":{"rendered":"Bolet\u00edn informativo #2"},"content":{"rendered":"\n<p>Septiembre, 2022. <\/p>\n\n\n\n<p><\/p>\n\n\n\n<p>Estimado(a) miembro,<\/p>\n\n\n\n<p>Primeramente desearle un feliz mes patrio.<\/p>\n\n\n\n<p>Posterior a la primera reuni\u00f3n de miembros y elecci\u00f3n de representantes, el cap\u00edtulo local SIGCHI&nbsp;Costa Rica fue inscrito en ACM y se encuentra formalmente activo desde el 15 de agosto del 2022.&nbsp;<\/p>\n\n\n\n<p>Toda la informaci\u00f3n sobre el cap\u00edtulo, estatutos (bylaws) y el video de la primera reuni\u00f3n de miembros se puede encontrar por el momento en el&nbsp;siguiente enlace:&nbsp;<a href=\"https:\/\/tecnube1-my.sharepoint.com\/:f:\/g\/personal\/lcabrera_itcr_ac_cr\/EkZM9WO3UDNIgIXJl_LPxiQBg3_TB1Jdpo9jJHH8bAcgVw\">Cap\u00edtulo SIGCHI Costa Rica<\/a><\/p>\n\n\n\n<p>Los representantes nos encontramos finiquitando los aspectos operativos del cap\u00edtulo. Como ver\u00e1n, ya tenemos correo propio para el cap\u00edtulo para asegurar continuidad independientemente de las personas que&nbsp;tengan cargos de representantes. Entre otras herramientas proporcionadas por ACM, contamos adem\u00e1s con lista de correos oficial de miembros y representantes, y estamos a la espera del servicio de sitio web oficial para centralizar toda la informaci\u00f3n.<\/p>\n\n\n\n<p>Se le recuerda que la inscripci\u00f3n al cap\u00edtulo se mantendr\u00e1 siempre abierta, y de momento se puede realizar mediante el siguiente enlace&nbsp;<a href=\"https:\/\/forms.gle\/uSWQBKz8gTzZmdzi8\" target=\"_blank\" rel=\"noreferrer noopener\">https:\/\/forms.gle\/uSWQBKz8gTzZmdzi8<\/a>&nbsp;Si\u00e9ntase en la libertad de distribuirla a las personas que crea est\u00e9n interesadas en ser parte del cap\u00edtulo.&nbsp;<\/p>\n\n\n\n<p>Debido al extenso proceso de formalizaci\u00f3n, a\u00fan no se ha concretado una nueva reuni\u00f3n del cap\u00edtulo. Sin embargo, estas se realizar\u00e1n&nbsp;de manera regular y la fecha de la siguiente se comunicar\u00e1 oportunamente. Esperamos incluso planear reuniones presenciales en su momento,&nbsp;para lograr una interacci\u00f3n entre miembros m\u00e1s amena.<\/p>\n\n\n\n<p>Finalmente, les recordamos que los 3 representantes estamos siempre anuentes a cualquier duda, comentario o propuesta para actividad del cap\u00edtulo.&nbsp;<\/p>\n\n\n\n<p>Saludos&nbsp;cordiales,<\/p>\n\n\n\n<p>Ing. Laura Cabrera-Quir\u00f3s, PhD.<\/p>\n\n\n\n<p>Presidenta, Cap\u00edtulo local ACM SIGCHI Costa Rica<\/p>\n","protected":false},"excerpt":{"rendered":"<p>Septiembre, 2022. Estimado(a) miembro, Primeramente desearle un feliz mes patrio. Posterior a la primera reuni\u00f3n de miembros y elecci\u00f3n de representantes, el cap\u00edtulo local SIGCHI&nbsp;Costa Rica fue inscrito en ACM y se encuentra formalmente activo desde el 15 de agosto del 2022.&nbsp; Toda la informaci\u00f3n sobre el cap\u00edtulo, estatutos (bylaws) y el video de la [&hellip;]<\/p>\n","protected":false},"author":1,"featured_media":0,"parent":21,"menu_order":0,"comment_status":"closed","ping_status":"closed","template":"","meta":{"footnotes":""},"class_list":["post-56","page","type-page","status-publish","hentry"],"_links":{"self":[{"href":"https:\/\/sigchicostarica.acm.org\/wordpress\/index.php\/wp-json\/wp\/v2\/pages\/56","targetHints":{"allow":["GET"]}}],"collection":[{"href":"https:\/\/sigchicostarica.acm.org\/wordpress\/index.php\/wp-json\/wp\/v2\/pages"}],"about":[{"href":"https:\/\/sigchicostarica.acm.org\/wordpress\/index.php\/wp-json\/wp\/v2\/types\/page"}],"author":[{"embeddable":true,"href":"https:\/\/sigchicostarica.acm.org\/wordpress\/index.php\/wp-json\/wp\/v2\/users\/1"}],"replies":[{"embeddable":true,"href":"https:\/\/sigchicostarica.acm.org\/wordpress\/index.php\/wp-json\/wp\/v2\/comments?post=56"}],"version-history":[{"count":1,"href":"https:\/\/sigchicostarica.acm.org\/wordpress\/index.php\/wp-json\/wp\/v2\/pages\/56\/revisions"}],"predecessor-version":[{"id":57,"href":"https:\/\/sigchicostarica.acm.org\/wordpress\/index.php\/wp-json\/wp\/v2\/pages\/56\/revisions\/57"}],"up":[{"embeddable":true,"href":"https:\/\/sigchicostarica.acm.org\/wordpress\/index.php\/wp-json\/wp\/v2\/pages\/21"}],"wp:attachment":[{"href":"https:\/\/sigchicostarica.acm.org\/wordpress\/index.php\/wp-json\/wp\/v2\/media?parent=56"}],"curies":[{"name":"wp","href":"https:\/\/api.w.org\/{rel}","templated":true}]}}